  {"id":3661,"date":"2022-05-12T11:11:40","date_gmt":"2022-05-12T15:11:40","guid":{"rendered":"http:\/\/149.4.100.129\/academics\/sees\/?page_id=3661"},"modified":"2025-11-10T12:25:50","modified_gmt":"2025-11-10T17:25:50","slug":"faculty-research-jeffrey-bird","status":"publish","type":"page","link":"https:\/\/www.qc.cuny.edu\/academics\/sees\/faculty-research-jeffrey-bird\/","title":{"rendered":"Jeffrey Bird"},"content":{"rendered":"<p>[et_pb_section fb_built=&#8221;1&#8243; admin_label=&#8221;section&#8221; _builder_version=&#8221;4.16&#8243; global_colors_info=&#8221;{}&#8221;][et_pb_row column_structure=&#8221;2_3,1_3&#8243; _builder_version=&#8221;4.17.3&#8243; _module_preset=&#8221;default&#8221; global_colors_info=&#8221;{}&#8221;][et_pb_column type=&#8221;2_3&#8243; _builder_version=&#8221;4.17.0&#8243; _module_preset=&#8221;default&#8221; global_colors_info=&#8221;{}&#8221;][et_pb_image src=&#8221;https:\/\/www.qc.cuny.edu\/academics\/sees\/wp-content\/uploads\/sites\/124\/2022\/08\/My-project-300&#215;300.png&#8221; alt=&#8221;William Blanford, ºì¶¹ÊÓÆµ School of Earth and Environmental Sciences&#8221; title_text=&#8221;My project&#8221; align=&#8221;center&#8221; admin_label=&#8221;Image&#8221; _builder_version=&#8221;4.27.4&#8243; _module_preset=&#8221;default&#8221; border_width_all=&#8221;1px&#8221; border_color_all=&#8221;#000000&#8243; box_shadow_style=&#8221;preset2&#8243; global_colors_info=&#8221;{}&#8221;][\/et_pb_image][et_pb_text _builder_version=&#8221;4.27.4&#8243; _module_preset=&#8221;default&#8221; text_font=&#8221;Open Sans||||||||&#8221; text_font_size=&#8221;16px&#8221; header_4_font=&#8221;Open Sans|600|||on||||&#8221; header_4_text_color=&#8221;#E71939&#8243; text_orientation=&#8221;center&#8221; global_colors_info=&#8221;{}&#8221;]<\/p>\n<h4 style=\"text-align: center\">Jeffrey Bird<\/h4>\n<p style=\"text-align: center\"><strong>Professor<br \/><\/strong>Soil Biogeochemistry<\/p>\n<p style=\"text-align: center\">Science Building, Room D216<br \/>Phone: 718-997-3300<br \/><a href=\"mailto:Jeffrey.Bird@qc.cuny.edu\">Jeffrey.Bird@qc.cuny.edu<\/a><\/p>\n<p>[\/et_pb_text][et_pb_text _builder_version=&#8221;4.17.6&#8243; _module_preset=&#8221;default&#8221; text_font=&#8221;Open Sans||||||||&#8221; text_font_size=&#8221;16px&#8221; header_4_font=&#8221;Open Sans|600|||on||||&#8221; header_4_text_color=&#8221;#E71939&#8243; global_colors_info=&#8221;{}&#8221;]<\/p>\n<p style=\"text-align: justify\"><strong><u>Research Interests<\/u><\/strong><\/p>\n<p style=\"text-align: justify\">Professor Bird\u2019s biogeochemistry research group is focused on belowground C, N and S cycling in terrestrial ecosystems. <span>\u00a0<\/span>Soils are critical controllers on the flow of matter and energy in the environment and are considered especially important in the Earth&#8217;s response to Global Change. <span>\u00a0<\/span>Soils act as both a significant source of atmospheric greenhouse gases (i.e., carbon dioxide, methane and nitrous oxide) and as a sizable stable sink for plant C and N inputs.<span>\u00a0 <\/span>Bird\u2019s research group investigates how soil microbial communities, plants, climate and mineralogy interact to control the turnover, loss or stabilization of soil C and N in temperate and tropical ecosystems. <span>\u00a0<\/span>The Bird lab uses stable isotopic tracers (<sup>13<\/sup>C and <sup>15<\/sup>N) to follow C and N among plants, soil microbes, and mineral surfaces to better understand how soils support ecological productivity and environmental quality.<span>\u00a0 <\/span><\/p>\n<p style=\"text-align: justify\">The Bird terrestrial biogeochemistry research group is involved in several field and laboratory research projects that focus on the biological, chemical and physical controls on C and N cycling in temperate and tropical ecosystems.<\/p>\n<p>[\/et_pb_text][et_pb_text _builder_version=&#8221;4.27.4&#8243; _module_preset=&#8221;default&#8221; text_font=&#8221;Open Sans||||||||&#8221; text_font_size=&#8221;16px&#8221; header_4_font=&#8221;Open Sans|600|||on||||&#8221; header_4_text_color=&#8221;#E71939&#8243; hover_enabled=&#8221;0&#8243; global_colors_info=&#8221;{}&#8221; sticky_enabled=&#8221;0&#8243;]<\/p>\n<p style=\"text-align: justify\"><strong>Focus areas:<\/strong><\/p>\n<ul>\n<li style=\"text-align: justify\">Pyrogenic organic matter (black carbon) decomposition and transport dynamics in temperate ecosystems<\/li>\n<li style=\"text-align: justify\">The effect of N deposition on soil C turnover<\/li>\n<li style=\"text-align: justify\">How plant roots interact with soil C cycling and affect soil microbial activity<\/li>\n<li style=\"text-align: justify\">The role of microbial community structure on soil C dynamics<\/li>\n<li style=\"text-align: justify\">The contribution of above versus belowground plant C input on soil C dynamics<\/li>\n<li style=\"text-align: justify\">The stabilization mechanisms of soil C and N (physical and chemical)<\/li>\n<\/ul>\n<p>[\/et_pb_text][et_pb_text disabled_on=&#8221;on|on|on&#8221; _builder_version=&#8221;4.17.6&#8243; _module_preset=&#8221;default&#8221; text_font=&#8221;Open Sans||||||||&#8221; text_font_size=&#8221;16px&#8221; header_4_font=&#8221;Open Sans|600|||on||||&#8221; header_4_text_color=&#8221;#E71939&#8243; disabled=&#8221;on&#8221; global_colors_info=&#8221;{}&#8221;]<\/p>\n<p><strong><u>Courses Taught<\/u><\/strong><\/p>\n<p><strong><span><em>Undergraduate Courses:<br \/><\/em><\/span><\/strong>EnSci 100: Our Planet in the 21<sup>rst<\/sup> Century (with lab)<br \/>Ensci\u00a0 200: Earth Systems Science<br \/>HMNS 225: Seminar 3: Environmental Science and Technology in NYC<br \/>Ensci 203: Environmental Microbiology<br \/>Geol 318: Soils in the Environment (with lab)<br \/>Geol 370: Biogeochemistry<\/p>\n<p><strong><span><em>Graduate Courses:<\/em><\/span> <br \/><\/strong>Geology 768: Soils, Wetlands and Biodegradation<br \/>Graduate Seminar 799: Current topics in Biogeochemistry<br \/>Graduate Seminar 799: Molecular Methods in Environmental Microbiology<\/p>\n<p>[\/et_pb_text][et_pb_text disabled_on=&#8221;on|on|on&#8221; _builder_version=&#8221;4.17.6&#8243; _module_preset=&#8221;default&#8221; text_font=&#8221;Open Sans||||||||&#8221; text_font_size=&#8221;16px&#8221; header_4_font=&#8221;Open Sans|600|||on||||&#8221; header_4_text_color=&#8221;#E71939&#8243; disabled=&#8221;on&#8221; global_colors_info=&#8221;{}&#8221;]<\/p>\n<div class=\"ExternalClass5D17B17D0DC845D3827AEC4E931FA41C\">\n<div><span style=\"font-family: lato, sans-serif;font-size: 16px;text-indent: -48px\">Auclerc A., J.M., LeMoine, P.J. Hatton,\u00a0<\/span><span style=\"font-weight: bold;font-family: lato, sans-serif;font-size: 16px;text-indent: -48px\">J.A. Bird<\/span><span style=\"font-family: lato, sans-serif;font-size: 16px;text-indent: -48px\">, K.J. Nadelhoffer. 2019. Decadal post-fire succession of soil invertebrate communities is dependent on the soil surface properties in a Northern Temperate forest. <br \/><\/span><\/div>\n<\/div>\n<blockquote style=\"margin: 0px 0px 0px 40px;border: none;padding: 0px\">\n<div class=\"ExternalClass5D17B17D0DC845D3827AEC4E931FA41C\">\n<div><span style=\"font-family: lato, sans-serif;font-size: 16px;text-indent: -48px\">\u200bScience of the Total Environment 647: 1058-1068. doi: 10.1016\/j.scitotenv.2018.08.041\u200b<\/span>\u00a0<\/div>\n<\/div>\n<\/blockquote>\n<div class=\"ExternalClass5D17B17D0DC845D3827AEC4E931FA41C\">\n<div><\/div>\n<div><\/div>\n<p style=\"margin-bottom: 1.78571em;margin-left: 0.5in;font-family: lato, sans-serif;font-size: 16px;text-indent: -0.5in\">Gibson, C.D., P.J. Hatton,\u00a0<span style=\"font-weight: bold\">J.A. Bird<\/span>, K.J. Nadelhoffer, C.P. Ward, R.E. Stark, T.R. Filley. 2018. Interacting controls of pyrolysis temperature and plant taxa on the degradability of PyOM in a fire-prone Northern Temperate forest soil. Soil Systems 2:48-65. (Feature article in Special Issue on SOM Dynamics) doi:10.3390\/soilsystems2030048<\/p>\n<p style=\"margin-bottom: 1.78571em;margin-left: 0.5in;font-family: lato, sans-serif;font-size: 16px;text-indent: -0.5in\">Brigham, B., G. O\u2019Mullan,\u00a0<span style=\"font-weight: bold\">J.A. Bird<\/span>. 2018. Acetate additions stimulate CO2 and CH4 production from urban wetland soils. Soil Science Society of America Journal. (online 8-2-18) doi: 10.2136\/sssaj2018.01.0034<\/p>\n<p style=\"margin-bottom: 1.78571em;margin-left: 0.5in;font-family: lato, sans-serif;font-size: 16px;text-indent: -0.5in\">Gibson, C.D., P.J. Hatton,\u00a0<span style=\"font-weight: bold\">J.A. Bird<\/span>, K.J. Nadelhoffer, T.R. Filley. 2018. Tree taxa and pyrolysis temperature interact to control pyrogenic organic matter induced native soil organic carbon priming. Soil Biology &amp; Biochemistry 119:174-183. doi: 10.1016\/j.soilbio.2018.01.022<\/p>\n<p style=\"margin-bottom: 1.78571em;margin-left: 0.5in;font-family: lato, sans-serif;font-size: 16px;text-indent: -0.5in\">Pries, C. H.,\u00a0<span style=\"font-weight: bold\">J.A. Bird<\/span>, C. Castanha, P.J. Hatton, M.S. Torn. 2017. Long term decomposition: The influence of litter type and soil horizon on retention of plant carbon and nitrogen in soils. Biogeochemistry Letters 34:5-16. doi: 10.1007\/s10533-017-0345-6<\/p>\n<p style=\"margin-bottom: 1.78571em;margin-left: 0.5in;font-family: lato, sans-serif;font-size: 16px;text-indent: -0.5in\">Wang, R. C.D. Gibson, T.D. Berry, Y. Jiang,\u00a0<span style=\"font-weight: bold\">J.A. Bird<\/span>, T.R. Filley. 2017. Photooxidation of pyrogenic organic matter (PyOM) reduces the reactive, labile C pool and the apparent soil oxidative microbial enzyme response. Geoderma 293:10-18. doi: 10.1016\/j.geoderma.2017.01.011<\/p>\n<p style=\"margin-bottom: 1.78571em;margin-left: 0.5in;font-family: lato, sans-serif;font-size: 16px;text-indent: -0.5in\">Hatton, P.J., S. Chatterjee, T.R. Filley, K. Dastmalchi, A.F. Plante, S. Abiven, X. Ga, C.A. Masiello, S.W. Leavitt, K.J. Nadelhoffer, R.E. Stark,\u00a0<span style=\"font-weight: bold\">J.A. Bird<\/span>. 2016. Tree taxa and pyrolysis temperature interact to control the efficacy of pyrogenic organic matter formation. Biogeochemistry 130: 103-116. doi: 10.1007\/s10533-016-0245-1<\/p>\n<p style=\"margin-bottom: 1.78571em;margin-left: 0.5in;font-family: lato, sans-serif;font-size: 16px;text-indent: -0.5in\">Santos, F., K.J. Nadelhoffer,\u00a0<span style=\"font-weight: bold\">J.A. Bird<\/span>. 2016. Rapid fine root C and N mineralization in a northern temperate forest soil. Biogeochemistry 128:187-200. doi: 10.1007\/s10533-016-0202-z<\/p>\n<p style=\"margin-bottom: 1.78571em;margin-left: 0.5in;font-family: lato, sans-serif;font-size: 16px;text-indent: -0.5in\">Gibson, C., T.D. Berry, R. Wang, J.A. Spencer, C.T. Johnston, Y. Jiang,\u00a0<span style=\"font-weight: bold\">J.A. Bird<\/span>, T.R. Filley. 2016. Weathering of pyrogenic organic matter induces fungal oxidative enzyme response in single culture inoculation experiments. Organic Geochemistry 92:32-41. doi:10.1016\/j.orggeochem.2015.12.003<\/p>\n<p style=\"margin-bottom: 1.78571em;margin-left: 0.5in;font-family: lato, sans-serif;font-size: 16px;text-indent: -0.5in\">Crumsey, J.M., Y. Capowiez, M.M. Goodsitt, S. Larson, J.M. Le Moine,\u00a0<span style=\"font-weight: bold\">J.A. Bird<\/span>, G.W. Kling, K.J. Nadelhoffer. 2015. Exotic earthworm community composition interacts with soil texture to affect redistribution and retention of litter-derived C and N in northern temperate forest soils. Biogeochemistry 126:379-395. doi: 10.1007\/s10533-015-0164-6<\/p>\n<p style=\"margin-bottom: 1.78571em;margin-left: 0.5in;font-family: lato, sans-serif;font-size: 16px;text-indent: -0.5in\">Hatton, P.J., C. Castanha, M.S. Torn,<span style=\"font-weight: bold\">\u00a0J.A. Bird<\/span>. 2015. Litter type control on soil C and N stabilization dynamics in a temperate forest. Global Change Biology 21:1358\u20131367. doi: 10.1111\/gcb.12786<\/p>\n<p style=\"margin-bottom: 1.78571em;margin-left: 0.5in;font-family: lato, sans-serif;font-size: 16px;text-indent: -0.5in\">Throckmorton, H.,\u00a0<span style=\"font-weight: bold\">J.A. Bird<\/span>, N. Monte, T. Doane, M.K. Firestone, W.R. Horwath. 2015. The soil matrix increases microbial C stabilization in temperate and tropical forest soils. Biogeochemistry 122:35\u201345. doi: 10.1007\/s10533-014-0027-6<\/p>\n<p style=\"margin-bottom: 1.78571em;margin-left: 0.5in;font-family: lato, sans-serif;font-size: 16px;text-indent: -0.5in\">Maestrini, B., S. Abiven, N. Singh,\u00a0<span style=\"font-weight: bold\">J.A. Bird<\/span>, M.S. Torn, M.W.I. Schmidt. 2014. Carbon losses from pyrolysed and original wood in a forest soil under natural and increased N deposition. Biogeosciences 11: 5199\u20135213. doi: 10.5194\/bg-11-5199-2014<\/p>\n<p style=\"margin-bottom: 1.78571em;margin-left: 0.5in;font-family: lato, sans-serif;font-size: 16px;text-indent: -0.5in\">Santos, F., M.P. Fraser,\u00a0<span style=\"font-weight: bold\">J.A. Bird<\/span>. 2014. Atmospheric black carbon deposition and characterization of biomass burning tracers in a northern temperate forest. Atmospheric Environment 95:383-390. doi: 10.1016\/j.atmosenv.2014.06.038<\/p>\n<p style=\"margin-bottom: 1.78571em;margin-left: 0.5in;font-family: lato, sans-serif;font-size: 16px;text-indent: -0.5in\">Singh, N., S. Abiven, B. Maestrini,\u00a0<span style=\"font-weight: bold\">J.A. Bird<\/span>, M.S. Torn, M.W.I Schmidt. 2014. Transformation and stabilization of pyrogenic organic matter in a temperate forest field experiment. Global Change Biology 20:1629\u20131642. doi: 10.1111\/gcb.12459M<\/p>\n<p style=\"margin-bottom: 1.78571em;margin-left: 0.5in;font-family: lato, sans-serif;font-size: 16px;text-indent: -0.5in\">Throckmorton, H.,\u00a0<span style=\"font-weight: bold\">J.A. Bird<\/span>, L. Dane, M.K. Firestone, W.R. Horwath. 2012. The source of microbial C has little impact on soil organic matter stabilization in forest ecosystems. Ecology Letters 15: 1257\u20131265 doi: 10.1111\/j1461-0248. 2012.01848.x<\/p>\n<p style=\"margin-bottom: 1.78571em;margin-left: 0.5in;font-family: lato, sans-serif;font-size: 16px;text-indent: -0.5in\">Chatterjee, S., F. Santos, S. Abiven, B. Itin, R. Stark,\u00a0<span style=\"font-weight: bold\">J.A. Bird<\/span>. 2012. Elucidating the chemical structure of pyrogenic organic matter by combining magnetic resonance, mid-infrared spectroscopy and mass spectrometry. Organic Geochemistry 51:35\u201344. doi: 10.1016\/j.orggeochem.2012.07.006<\/p>\n<p style=\"margin-bottom: 1.78571em;margin-left: 0.5in;font-family: lato, sans-serif;font-size: 16px;text-indent: -0.5in\">Santos, F., M.S. Torn.,\u00a0<span style=\"font-weight: bold\">J.A. Bird<\/span>. 2012. Biological degradation of pyrogenic organic matter in temperate forest soils. Soil Biology &amp; Biochemistry 51:115-124. doi: 10.1016\/j.soilbio.2012.04.005<\/p>\n<p style=\"margin-bottom: 1.78571em;margin-left: 0.5in;font-family: lato, sans-serif;font-size: 16px;text-indent: -0.5in\">Yarnes, C., F. Santos, N. Singh, S. Abiven, M.W.I. Schmidt,\u00a0<span style=\"font-weight: bold\">J.A. Bird<\/span>. 2011. Stable isotopic analysis of pyrogenic organic matter in soils by LC-IRMS of benzene polycarboxylic acids. Rapid Communications in Mass Spectrometry 25:3723\u20133731. doi: 10.1002\/rcm.5272<\/p>\n<p style=\"margin-bottom: 1.78571em;margin-left: 0.5in;font-family: lato, sans-serif;font-size: 16px;text-indent: -0.5in\">Mambelli, S.,\u00a0<span style=\"font-weight: bold\">J.A. Bird<\/span>, G. Gleixner, T.E. Dawson, M.S. Torn. 2011. Relative contribution of needle and fine root pine litter to the molecular composition of soil organic matter after in situ degradation. Organic Geochemistry 42:1099-1108. doi: 10.1016\/j.orggeochem.2011.06.008<\/p>\n<p style=\"margin-bottom: 1.78571em;margin-left: 0.5in;font-family: lato, sans-serif;font-size: 16px;text-indent: -0.5in\"><span style=\"font-weight: bold\">Bird, J.A<\/span>., D. Herman, M.K. Firestone. 2011. Rhizosphere priming of soil organic matter by bacterial groups in a grassland soil. Soil Biology &amp; Biochemistry Special Section 43:718-725. doi: 10.1016\/jsoilbio.2010.08.010<\/p>\n<p style=\"margin-bottom: 1.78571em;margin-left: 0.5in;font-family: lato, sans-serif;font-size: 16px;text-indent: -0.5in\">G\u00e4rden\u00e4s, A.I. G.I. \u00c5gren,\u00a0<span style=\"font-weight: bold\">J.A. Bird<\/span>, M. Clarholm, S. Hallin, P. Ineson, T. K\u00e4tterer, H. Knicker, S.I. Nilsson, T. N\u00e4sholm, S. Ogle, K. Paustian, T. Persson, J. Stendahl. 2011. Knowledge gaps in soil C and N interactions &#8211; From molecular to global scale. Soil Biology &amp; Biochemistry Special Section 43:702-717. doi: 10.1016\/jsoilbio.2010.04.006<\/p>\n<p style=\"margin-bottom: 1.78571em;margin-left: 0.5in;font-family: lato, sans-serif;font-size: 16px;text-indent: -0.5in\">Fan, T.W.-M.,\u00a0<span style=\"font-weight: bold\">J.A. Bird<\/span>, E L. Brodie, A.N. Lane. 2009. 13C-Isotopomer-based metabolomics of microbial groups isolated from two forest soils. Metabolomics 5 :108\u2013122. doi: 10.1007\/s11306-0080150-2<\/p>\n<p style=\"margin-bottom: 1.78571em;margin-left: 0.5in;font-family: lato, sans-serif;font-size: 16px;text-indent: -0.5in\"><span style=\"font-weight: bold\">Bird, J.A<\/span>., M. Kleber, M.S. Torn. 2008. 13C and 15N stabilization dynamics in soil organic matter fractions during needle and fine root decomposition. Organic Geochemistry 39:465\u2013477.<\/p>\n<p style=\"margin-bottom: 1.78571em;margin-left: 0.5in;font-family: lato, sans-serif;font-size: 16px;text-indent: -0.5in\"><span style=\"font-weight: bold\">Bird, J.A<\/span>. and M.S. Torn. 2006. Fine roots versus needles: A comparison of 13C and 15N dynamics in a ponderosa pine forest soil. Biogeochemistry 79:361-382.<\/p>\n<p style=\"margin-bottom: 1.78571em;margin-left: 0.5in;font-family: lato, sans-serif;font-size: 16px;text-indent: -0.5in\"><span style=\"font-weight: bold\">Bird, J.A<\/span>., C. van Kessel, W.R. Horwath. 2003. Stabilization of 13C-carbon and immobilization of 15N-nitrogen from rice straw in humic fractions. Soil Sci. Soc. Am. J. 67:806-815.<\/p>\n<p style=\"margin-bottom: 1.78571em;margin-left: 0.5in;font-family: lato, sans-serif;font-size: 16px;text-indent: -0.5in\">Torn, M.S., S. Davis,\u00a0<span style=\"font-weight: bold\">J.A. Bird<\/span>, M.R. Shaw, M. Conrad. 2003. Automated analyses of 13C\/12C ratios in CO2 and dissolved inorganic carbon for ecological and environmental applications. Rapid Communications in Mass Spectrometry 17:2575-2582.<\/p>\n<p style=\"margin-bottom: 1.78571em;margin-left: 0.5in;font-family: lato, sans-serif;font-size: 16px;text-indent: -0.5in\"><span style=\"font-weight: bold\">Bird, J.A<\/span>., C. van Kessel, W.R. Horwath. 2002. Nitrogen dynamics in humic fractions under alternative straw management in temperate rice. Soil Sci. Soc. Am. J. 66:478-488.<\/p>\n<p style=\"margin-bottom: 0px;margin-left: 0.5in;font-family: lato, sans-serif;font-size: 16px;text-indent: -0.5in\"><span style=\"font-weight: bold\">Bird, J.A<\/span>., G.S. Pettygrove, J.M. Eadie. 2000. The impact of waterfowl foraging on the decomposition of rice straw: mutual benefits for rice growers and waterfowl. J. Appl. Ecol. 37:728-741.<\/p>\n<\/div>\n<p>[\/et_pb_text][et_pb_text _builder_version=&#8221;4.27.4&#8243; _module_preset=&#8221;default&#8221; hover_enabled=&#8221;0&#8243; global_colors_info=&#8221;{}&#8221; sticky_enabled=&#8221;0&#8243; disabled_on=&#8221;on|on|on&#8221; disabled=&#8221;on&#8221;]<\/p>\n<h4><span style=\"text-decoration: underline\">Additional Websites and Links<\/span><\/h4>\n<ul>\n<li><a role=\"link\" href=\"https:\/\/scholar.google.com\/citations?user=0TG-0rEAAAAJ&amp;hl=en\">Google Scholar : Jeffrey Bird<\/a><\/li>\n<li><a href=\"http:\/\/qcpages.qc.cuny.edu\/~jbird\/Index.html\" target=\"_blank\" rel=\"noopener\">Lab Website<\/a><\/li>\n<\/ul>\n<p>[\/et_pb_text][et_pb_text _builder_version=&#8221;4.27.4&#8243; _module_preset=&#8221;default&#8221; hover_enabled=&#8221;0&#8243; global_colors_info=&#8221;{}&#8221; sticky_enabled=&#8221;0&#8243;]<\/p>\n<h4><span style=\"text-decoration: underline\">Additional Websites and Links<\/span><\/h4>\n<ul>\n<li><a role=\"link\" href=\"https:\/\/scholar.google.com\/citations?user=0TG-0rEAAAAJ&amp;hl=en\">Google Scholar : Jeffrey Bird<\/a><\/li>\n<li><a href=\"https:\/\/birdsoilslab.org\/\" target=\"_blank\" rel=\"noopener\">Lab Website : birdsoilslab.org<\/a><\/li>\n<\/ul>\n<p>[\/et_pb_text][\/et_pb_column][et_pb_column type=&#8221;1_3&#8243; _builder_version=&#8221;4.17.1&#8243; _module_preset=&#8221;default&#8221; custom_padding=&#8221;|||20px|false|false&#8221; custom_padding_tablet=&#8221;20px|||0px|false|false&#8221; custom_padding_phone=&#8221;20px|||0px|false|false&#8221; custom_padding_last_edited=&#8221;on|desktop&#8221; border_width_left=&#8221;1px&#8221; border_width_top_tablet=&#8221;1px&#8221; border_width_top_phone=&#8221;1px&#8221; border_width_top_last_edited=&#8221;on|desktop&#8221; border_width_left_tablet=&#8221;0px&#8221; border_width_left_phone=&#8221;0px&#8221; border_width_left_last_edited=&#8221;on|desktop&#8221; global_colors_info=&#8221;{}&#8221;][et_pb_text _builder_version=&#8221;4.27.4&#8243; _module_preset=&#8221;default&#8221; text_font=&#8221;Open Sans||||||||&#8221; text_font_size=&#8221;16px&#8221; header_4_font=&#8221;Open Sans|600|||on||||&#8221; header_4_text_color=&#8221;#E71939&#8243; locked=&#8221;off&#8221; global_colors_info=&#8221;{}&#8221;]<\/p>\n<h4>Faculty Listing<\/h4>\n<p><a href=\"https:\/\/www.qc.cuny.edu\/academics\/sees\/faculty-research-stephen-pekar\">Stephen Pekar<\/a><br \/><a href=\"https:\/\/www.qc.cuny.edu\/academics\/sees\/faculty-research-jeffrey-bird\/\">Jeffrey Bird<\/a><br \/><a href=\"https:\/\/www.qc.cuny.edu\/academics\/sees\/faculty-research-william-blanford\">William J. Blanford<\/a><br \/><a href=\"https:\/\/www.qc.cuny.edu\/academics\/sees\/faculty-research-jacquelyn-bracco\">Jacquelyn Bracco<\/a><br \/><a href=\"https:\/\/www.qc.cuny.edu\/academics\/sees\/faculty-research-timothy-eaton\">Timothy Eaton<\/a><br \/><a href=\"https:\/\/www.qc.cuny.edu\/academics\/sees\/faculty-research-dianne-greenfield\">Dianne I. Greenfield<\/a><br \/><a href=\"https:\/\/www.qc.cuny.edu\/academics\/sees\/faculty-research-marc-antoine-longpre\">Marc-Antoine Longpre<\/a><br \/><a href=\"https:\/\/www.qc.cuny.edu\/academics\/sees\/alia-lesnek\/\">Alia Lesnek<\/a><br \/><a href=\"https:\/\/www.qc.cuny.edu\/academics\/sees\/faculty-research-cecilia-mchugh\">Cecilia M. McHugh<\/a><br \/><a href=\"https:\/\/www.qc.cuny.edu\/academics\/sees\/faculty-research-gregory-omullan\">Gregory O&#8217;Mullan<\/a><br \/><a href=\"https:\/\/www.qc.cuny.edu\/academics\/sees\/faculty-research-dax-soule\">Dax Soule<\/a><br \/><a href=\"https:\/\/www.qc.cuny.edu\/academics\/sees\/faculty-research-gillian-stewart\">Gillian Stewart<\/a><br \/><a href=\"https:\/\/www.qc.cuny.edu\/academics\/sees\/pedro-val\/\">Pedro Val<\/a><a href=\"https:\/\/www.qc.cuny.edu\/academics\/sees\/faculty-research-chuixiang-yi\"><br \/><\/a><a href=\"https:\/\/www.qc.cuny.edu\/academics\/sees\/faculty-research-chuixiang-yi\">Chuixiang Yi<\/a><br \/><a href=\"https:\/\/www.qc.cuny.edu\/academics\/sees\/christine-ramadhin\/\" target=\"_blank\" rel=\"noopener\">Christine Ramadhin<\/a><br \/><a href=\"https:\/\/www.qc.cuny.edu\/academics\/sees\/faculty-research-dara-laczniak\/\" target=\"_blank\" rel=\"noopener\">Dara Laczniak<\/a><\/p>\n<p>&nbsp;<\/p>\n<p>&nbsp;<\/p>\n<p>&nbsp;<\/p>\n<p>[\/et_pb_text][\/et_pb_column][\/et_pb_row][\/et_pb_section]<\/p>\n","protected":false},"excerpt":{"rendered":"<p>Jeffrey Bird ProfessorSoil Biogeochemistry Science Building, Room D216Phone: 718-997-3300Jeffrey.Bird@qc.cuny.eduResearch Interests Professor Bird\u2019s biogeochemistry research group is focused on belowground C, N and S cycling in terrestrial ecosystems. \u00a0Soils are critical controllers on the flow of matter and energy in the environment and are considered especially important in the Earth&#8217;s response to Global Change. \u00a0Soils act [&hellip;]<\/p>\n","protected":false},"author":2,"featured_media":0,"parent":0,"menu_order":0,"comment_status":"closed","ping_status":"closed","template":"","meta":{"_et_pb_use_builder":"on","_et_pb_old_content":"","_et_gb_content_width":"","inline_featured_image":false,"footnotes":""},"page_category":[],"wf_page_folders":[],"class_list":["post-3661","page","type-page","status-publish","hentry"],"_links":{"self":[{"href":"https:\/\/www.qc.cuny.edu\/academics\/sees\/wp-json\/wp\/v2\/pages\/3661","targetHints":{"allow":["GET"]}}],"collection":[{"href":"https:\/\/www.qc.cuny.edu\/academics\/sees\/wp-json\/wp\/v2\/pages"}],"about":[{"href":"https:\/\/www.qc.cuny.edu\/academics\/sees\/wp-json\/wp\/v2\/types\/page"}],"author":[{"embeddable":true,"href":"https:\/\/www.qc.cuny.edu\/academics\/sees\/wp-json\/wp\/v2\/users\/2"}],"replies":[{"embeddable":true,"href":"https:\/\/www.qc.cuny.edu\/academics\/sees\/wp-json\/wp\/v2\/comments?post=3661"}],"version-history":[{"count":0,"href":"https:\/\/www.qc.cuny.edu\/academics\/sees\/wp-json\/wp\/v2\/pages\/3661\/revisions"}],"wp:attachment":[{"href":"https:\/\/www.qc.cuny.edu\/academics\/sees\/wp-json\/wp\/v2\/media?parent=3661"}],"wp:term":[{"taxonomy":"page_category","embeddable":true,"href":"https:\/\/www.qc.cuny.edu\/academics\/sees\/wp-json\/wp\/v2\/page_category?post=3661"},{"taxonomy":"wf_page_folders","embeddable":true,"href":"https:\/\/www.qc.cuny.edu\/academics\/sees\/wp-json\/wp\/v2\/wf_page_folders?post=3661"}],"curies":[{"name":"wp","href":"https:\/\/api.w.org\/{rel}","templated":true}]}}